s (-153)/(-12) + p/4 a multiple of 9?
False
Suppose -7*g + 108 = -4*g. Does 9 divide g?
True
Suppose 0*i = i + 6. Let j(y) = 10*y**2. Let x be j(1). Does 2 divide x/4 - i/(-12)?
True
Let a be (-26)/(-3) - (-8)/(-12). Is 13 a factor of (-2 - a)*(-3)/2?
False
Let u(a) = a**3 - 14*a**2 + 16*a - 5. Is 17 a factor of u(13)?
True
Let i = 412 + -596. Let v = i - 35. Is 12 a factor of (-4)/14 - v/7?
False
Let t = -6 + 11. Suppose t - 29 = -n. Suppose f = -4*i + 165 - n, -5*f = -5. Is 15 a factor of i?
False
Is 27 a factor of ((-486)/12*-2)/((-1)/(-2))?
True
Let q = 111 - 68. Is q a multiple of 22?
False
Suppose -33 = 5*l + 2*r, -3*r = 4*l + 20 + 12. Let s(o) = -o**2 - 10*o - 6. Let i be s(-4). Let c = i + l. Is 11 a factor of c?
False
Suppose j = -2*v + 26, 4*j - 58 = 2*j + 2*v. Does 28 divide j?
True
Let j = 1 + 2. Let f(o) = 7 - 8 + 8*o - 3. Does 10 divide f(j)?
True
Suppose -2 = -2*r + 2. Is 16 a factor of 1/r + 231/6?
False
Let o be 40/2 + 3 + -2. Let m = -1 + o. Does 5 divide m?
True
Let l = 54 + -24. Suppose 2*g = g + 5. Suppose -4*n - 194 = -g*i, i - l = 4*n - n. Is i a multiple of 20?
False
Suppose 3*l = 4*a - 25, -l = -4*l - 2*a - 1. Is 8 a factor of 3 - l/((-3)/(-13))?
True
Let m be (-1)/(-3) + 14/3. Suppose -5*t + 10 = -m*s, -4*t - 3*s + 15 + 28 = 0. Suppose 0 = t*a - 2*a - 125. Is a a multiple of 15?
False
Is 8 a factor of 5/(60/114) - 3/6?
False
Let c(t) = 22*t + 3. Does 27 divide c(6)?
True
Let d = -20 + 43. Is d a multiple of 8?
False
Suppose 0*l - l + 2 = 0. Let k(g) = -l + 6*g - 6*g**2 + 5 - g**3 + g. Is k(-7) a multiple of 2?
False
Let g(i) = -23*i - 1. Let b(o) = 7*o**2 - 11*o + 3. Let c(a) = 13*a**2 - 21*a + 6. Let y(q) = -11*b(q) + 6*c(q). Let t be y(4). Is g(t) a multiple of 11?
True
Let h = 6 - 3. Suppose h*q + q - 40 = -x, 3*x - 110 = -2*q. Is 12 a factor of x?
True
Let q(a) = -12*a. Let j be q(-3). Suppose -j = h - 5*h. Does 9 divide h?
True
Let c be (12/(-8))/(2/(-4)). Let p be (-28)/(-1) + (c - 4). Is p/(-12)*(-16)/3 a multiple of 12?
True
Let r = 5 + -5. Suppose r = f - 4*f + 78. Is f a multiple of 18?
False
Suppose 0 = 3*v + v - 16. Suppose 44 = -2*s + v*s - 5*d, -4*s - 3*d + 62 = 0. Suppose -5*a + 6*a = 4*r + s, -r - 14 = -a. Is a a multiple of 4?
False
Is (78/65)/((-4)/(-30)) even?
False
Let o = 74 + 63. Is 20 a factor of o?
False
Let c = -29 - -16. Let z = 17 - c. Is 4 a factor of z/(-12)*8/(-5)?
True
Let z(p) = -p**2 - 6*p + 6. Let a be z(-6). Is 10 a factor of 8/(-48) + 181/a?
True
Let d be 1*(-9)/3 - -5. Suppose 0*l - 30 = -d*l. Does 7 divide l?
False
Let x be (-2)/3 - 4/12. Is 3 a factor of x*(-52)/4 + -1?
True
Let u(o) = o**3 + 11*o**2 + 8*o. Let i = -7 + 13. Let z(v) = -v**2 + 4*v + 2. Let k be z(i). Does 7 divide u(k)?
False
Let y(t) = -t**3 + 9*t**2 - 7*t - 1. Is 12 a factor of y(6)?
False
Let h(z) = -z**3 + 6*z**2 - 9. Is 5 a factor of h(4)?
False
Let q(w) = w**3 - 6*w**2 + w - 5. Let y be q(7). Suppose 2*b - 36 = 4*g, 3*b - 7*b + g = -y. Is b a multiple of 2?
True
Let v(p) = -p**3 - 4*p**2 - 2*p + 4. Let a be v(-4). Suppose 243 = 5*u + o, o - 5*o = -a. Does 24 divide u?
True
Suppose -2*a + 2*y + 44 = 0, -5*a + 4*y = 12 - 121. Does 11 divide a?
False
Suppose -b = -5*r - 6*b + 670, 5*b = -10. Is 21 a factor of r?
False
Let q = 37 - 24. Let f = 3 + q. Does 3 divide f?
False
Is 11/(-3) + 3 - 344/(-3) a multiple of 4?
False
Suppose -4*b - 5*g + 183 = 0, -25 = -b + 4*g + 5. Does 14 divide b?
True
Suppose 0 = -v + 2*v + 19. Suppose -23 = 5*k - 3*w, 4*k + 5*w + 34 = -14. Let y = k - v. Does 6 divide y?
True
Suppose 0*n + 33 = 3*n. Suppose n = -v - 28. Is 8 a factor of 12*(-3 - v/9)?
True
Let y(f) = f**3 + 7*f**2 + 7*f + 7. Let u be y(-6). Let x be -6*u/(6/(-3)). Suppose 4*b - 4*s = -5*s + 100, x*b = 2*s + 86. Is 13 a factor of b?
True
Let w be 74 + (0 - (-3 + 2)). Let f = 107 - w. Does 8 divide f?
True
Let b be 8/(-4) + (-2 - -16). Suppose 3*r = -b, -2*f + 64 = -2*r - 6. Does 20 divide f?
False
Let i(d) = -2*d**2 + 31*d + 15. Does 35 divide i(13)?
False
Let i be 18/(-15)*5*1. Let p(k) = 13*k**2 - 6*k + 4. Let n(z) = z**2 - z + 1. Let v(j) = i*n(j) + p(j). Does 10 divide v(2)?
False
Let c = 317 - 137. Is c a multiple of 15?
True
Let b(s) = 11*s + 0 - 3 - 2*s**2 + 3*s**2 + 0. Let z be b(-11). Let a(j) = -2*j**3 - j**2 + j. Is a(z) a multiple of 21?
True
Let g be (6/(-2) + 2)/(-1). Suppose -2*m = -m + g. Does 4 divide 4*5/(-2)*m?
False
Is (-1750)/(-63) - 2/(-9) a multiple of 28?
True
Suppose 3*q + 5*s = -0*q + 20, 4*q - 70 = 2*s. Let c = q + -7. Let d(a) = a**3 - 9*a**2 + 10*a - 10. Does 6 divide d(c)?
True
Let c = 1 - 26. Let g = -10 - c. Does 15 divide g?
True
Let a(f) = f**3 - 4*f**2 - 6*f. Let t be a(5). Let n = 22 + -19. Is 54/(-6)*t/n a multiple of 5?
True
Let r(m) = 4*m**3 - m**2 - m - 1. Does 19 divide r(3)?
True
Let c(f) = -f + f**3 + 1 - 2*f**2 + 1 - 2*f**2 + 3*f**2. Let l be c(0). Suppose -2*b + 4 - 32 = -v, l*v - 26 = -2*b. Does 18 divide v?
True
Let y be -3*(0 - (-6)/9). Suppose a = -4, -12 - 13 = 3*s + 4*a. Is 3 a factor of 15*(y + (-7)/s)?
False
Suppose -4 = -2*d, 0*a - 4*a = -2*d - 196. Does 10 divide a?
True
Suppose -z + 1 = -16. Suppose 4*s + 76 = -72. Let a = z - s. Is a a multiple of 15?
False
Let c = 11 + -11. Let r = 13 - c. Is r a multiple of 13?
True
Let j(f) = 3*f + 2. Let s be j(2). Let l be 9/12*s/2. Does 4 divide 6/4*8/l?
True
Let v = -19 - -27. Let b(t) = t**2 - 3*t - 10. Does 9 divide b(v)?
False
Let j = -197 + 281. Let l = -54 + j. Let a = l - 16. Is 12 a factor of a?
False
Let w(k) = 12*k + 2. Let d(m) = -m. Let j(z) = -5*d(z) - w(z). Let h be j(-2). Suppose x - 2*x = -h. Is x a multiple of 12?
True
Suppose 2*w - 109 - 23 = 2*v, 122 = 2*w - 4*v. Let a = w + -37. Let x = a + -18. Does 8 divide x?
True
Suppose 4*g + 51 = 171. Does 30 divide g?
True
Let b(m) = 56 + 0*m**2 + 0*m**2 + m**2 + m. Is 25 a factor of b(0)?
False
Suppose -r + 56 = 3*k + 20, 0 = -4*k. Does 12 divide r?
True
Let l(g) be the second derivative of 4*g**3/3 - g**2 + g. Suppose -5*r = -11*r + 24. Does 10 divide l(r)?
True
Suppose 7*s = 2*s. Is s - (-2 - 29)*1 a multiple of 10?
False
Let j(o) = 2 + 17*o + 21*o - 12*o. Is 18 a factor of j(2)?
True
Suppose 0*j + 5*j - 5 = 5*a, 2*a = j + 1. Does 12 divide (-28)/(-14) + 68/a?
True
Let v(p) = 73*p + 8. Is 7 a factor of v(2)?
True
Suppose -6*a + y + 22 = -2*a, 0 = 5*a - y - 27. Suppose 3*l = -2*p - 2*p - 1, 3*l + 17 = 4*p. Suppose -r - 6 = -n + p*r, 110 = 5*n + a*r. Is 9 a factor of n?
True
Let h(p) = 3*p**2 - 9*p. Does 18 divide h(6)?
True
Does 10 divide (4/12)/(5*(-3)/(-2610))?
False
Let h be -4 + 6/2 + 103. Is 17 a factor of (h/(-4))/((-6)/12)?
True
Let u be (-10)/(-3) - 8/(-12). Suppose u*k + k = 250. Suppose 4*a - k = 30. Does 10 divide a?
True
Let u(l) = 5*l**3 + 33*l**2 - 4*l - 12. Let s(q) = q**3 + 8*q**2 - q - 3. Let a = 6 - 4. Let v(i) = a*u(i) - 9*s(i). Does 7 divide v(6)?
False
Is (46 - -2)*(-2)/(-2) a multiple of 4?
True
Suppose -v + 2 = -2*z, 2*z = 6*z + v - 8. Let n(p) = 26*p**3 - 2*p**2 + 1. Let l be n(z). Does 11 divide (-4)/(-4) - l*-1?
False
Let t(n) be the third derivative of n**4/2 - n**3/3 - 3*n**2. Let f(m) = -m + 2. Let u be f(0). Is 13 a factor of t(u)?
False
Let s = 4 + 0. Is s even?
True
Suppose -69 = 3*g - 3*t - 399, 2 = t. Suppose 4*q - 8*q + g = 0. Does 5 divide q?
False
Suppose -3*b = -6*b - 3. Let a = b - -11. Does 5 divide a?
True
Suppose 2*g - 3 = 5. Suppose 3*z + 7 = -2*c + 30, g*c - 6 = 2*z. Suppose -z*j + a = -150, -2*j = -2*a + a - 63. Is j a multiple of 11?
False
Suppose 0 = w + 4*o - 94, 331 = 4*w + 2*o - o. Is 24 a factor of w?
False
Let f(l) = -15*l. Let r be f(-3). Suppose 0 = -2*b + 5*u - 68, -b - 84 = 3*b + 3*u. Let w = r + b. Is w a multiple of 7?
True
Let y(u) be the first derivative of 4 + 1/4*u**4 - u + 7/3*u**3 + 3/2*u**2. Does 9 divide y(-6)?
False
Is 13 a factor of 37*3 + 21/(-7)?
False
Let d(c) = c**3 - 8*c**2 + 6*c + 7. Let o be d(7). Suppose o = 4*x + x - 15. Let z = x + 0. Is z a multiple of 3?
True
Suppose -5*t - 4*f + 363 = -3*f, 5*t - f - 357 = 0. Is t a multiple of 9?
True
Let i = 45 + 11. Suppose m = -m + i. Does 10 divide -1 + 0 + m + -2?
False
Suppose 231 + 249 = 6*t. Is t a multiple of 5?
True
Suppose -5*d - 360 = -3*o, -4*o = 3*d - 2*d - 457. Does 21 divide o?
False
Let p = -3 + 3. Let t(w) = p - 1 + 6 - 6*w + w